2 + -3)*9)/(6/(-6)). Suppose -3*q = x - 73, q - 2*x + k = 24. What is the greatest common divisor of 46 and q?
23
Suppose 2*u - 5 = -13. Let h be ((-114)/95)/(u/10 - 0). Calculate the highest common divisor of h and 15.
3
Let x(i) = 13*i + 20. Let c be x(0). Calculate the highest common factor of c and 140.
20
Let w be 38*1 - (15 + -24). Let j be (-1552)/(-3) + 7/(-21). Calculate the highest common factor of j and w.
47
Suppose 180 = 9*s + s. Suppose -k - 3*k = -3*w - 282, 3*w + 213 = 3*k. Suppose -k = -2*i + 111. What is the greatest common factor of i and s?
18
Suppose 2*x = -3*c + 418, -101 = -2*c - 3*x + 181. What is the highest common factor of 345 and c?
69
Suppose 1742*a - 1735*a = 105. What is the greatest common divisor of a and 1095?
15
Let i be (8/10)/((-2)/(-5)). Let o(y) = y + 14. Let s be o(-13). Suppose s = 4*g - 7. Calculate the greatest common divisor of i and g.
2
Let i(p) = -8*p + 15. Let w = -24 - -18. Let j be i(w). Suppose 0 = -5*f + 2*b + j, -2*f + 53 = f - 5*b. Calculate the highest common factor of f and 77.
11
Let w(y) = y**3 + 7*y**2 + 4*y - 4. Let f = 12 - 16. Let n be w(f). What is the greatest common divisor of 42 and n?
14
Suppose 25 = -2*b - b + 5*r, 0 = -3*b - 4*r + 20. Suppose b = 4*a - j - 377, 4*j - 80 + 7 = -a. What is the highest common divisor of 31 and a?
31
Suppose 0 = -8*a - 2289 + 2617. What is the greatest common divisor of 41 and a?
41
Suppose -3*a + 9*a = 0. Let j = a + 14. What is the greatest common factor of j and 56?
14
Let b be 8/(-2) + (-18 - -30). Let i(u) = u**3 - 6*u**2 - 13*u - 14. Let h be i(b). Calculate the highest common divisor of h and 70.
10
Let h = -1904 + 1908. What is the highest common divisor of 724 and h?
4
Suppose d - 57 = -3*j, d - 6*d + 185 = -5*j. What is the greatest common factor of 21 and d?
21
Let k(l) = l**2 - 16*l - 23. Let d = -91 - -110. Let m be k(d). Let q(y) = 3*y**3 - 4*y**2 + 2*y. Let t be q(3). What is the highest common divisor of m and t?
17
Suppose -117*f + 83*f = -4318. Calculate the highest common factor of f and 635.
127
Let r be -6*(-4)/(4/9). Let j(h) = 2*h**3 - 49*h**2 - 25*h + 36. Let a be j(25). Calculate the greatest common divisor of a and r.
18
Let k be (-1 - 14)*17/((-204)/640). What is the highest common divisor of k and 50?
50
Suppose -9*g = -13*g - 24. Let l be (-2*2)/(g/3) + 14. What is the highest common divisor of 24 and l?
8
Let i = -9 + 15. Suppose -159 = -a + i. What is the highest common factor of a and 15?
15
Let m(f) = -f**3 + 15*f**2 - 14*f + 1. Let u be m(14). Let o be 18 + (-12 - -8) - 0/u. What is the greatest common divisor of 63 and o?
7
Let q be 249 - (5 + (-8 - -12)). What is the highest common divisor of 816 and q?
48
Let x be 19 - (138/(-92))/(3/2). What is the greatest common divisor of x and 950?
10
Let b(q) = q**2 - 11*q - 13. Let p be b(10). Let c = p + 38. What is the highest common divisor of c and 3?
3
Let l = -1207 - -1416. Calculate the highest common factor of 77 and l.
11
Suppose -5*r + a = 8, -r + 5*a + 2 = 3*r. Let u be (84/(-63))/(r/15). Calculate the greatest common factor of 70 and u.
10
Suppose 4*z + 2 = 2*c, 13 = -z - 4*c + 2*c. Let y be ((-99)/(-36) + z)/(1/(-92)). Calculate the highest common factor of 92 and y.
23
Let c(z) = 6*z**3 - 16*z**2. Let l be c(4). What is the highest common divisor of 64 and l?
64
Let n = -1 + 13. Suppose 0 = 2*b + 3*c - 36, -2*b + n = -4*c - 10. Let o(z) = 4*z**2 + z - 78. Let g be o(-6). What is the highest common divisor of g and b?
15
Let h be (3808/80 - -12) + 2/5. What is the highest common factor of h and 555?
15
Let y be -198*(-3 + (-10)/(-4)). Calculate the greatest common divisor of 44 and y.
11
Suppose -32 = -g - c, -4*g + 164 = -4*c - c. Let s = g - 30. What is the highest common divisor of 9 and s?
3
Suppose 2*r + 5*w = -4 - 10, -5*w = 3*r + 11. Let h be ((-20)/r)/((-12)/18). Suppose -n = -h - 11. Calculate the highest common factor of 147 and n.
21
Suppose 8*q - 60 = -220. Let a = q + 21. What is the highest common factor of a and 2?
1
Let s be (-1)/(-4) - ((-94)/8 - 5). Calculate the greatest common factor of 119 and s.
17
Suppose 0 = 6*t - 1952 - 8266. Calculate the highest common divisor of t and 131.
131
Suppose 3*n + 0*n = -5*i + 35, -n + 3*i = 7. Suppose 2 = -n*b + 7. Let l be 8 + 4/(b*-4). What is the highest common divisor of 35 and l?
7
Suppose -4*p = -5*y - 35 - 3, -27 = -3*p + 3*y. Suppose 52*t - 4*n - 261 = 47*t, 0 = 3*t - 4*n - 163. What is the greatest common factor of p and t?
7
Let x = 88 - 63. Suppose 44 = -5*f + f. Let b = f - -16. Calculate the highest common divisor of x and b.
5
Suppose -151 = 12*n - 16*n + y, 2*y = -5*n + 192. What is the highest common divisor of n and 494?
38
Suppose 3*q = 5*q - 24. Suppose -q*z + 634 = 178. Calculate the greatest common factor of z and 76.
38
Let i be (-362)/(-9) + 2/(-9). Suppose -18*w = -15*w - 48. Calculate the highest common factor of i and w.
8
Let o(a) = -3*a**2 + 106*a - 13. Let s be o(35). What is the highest common divisor of s and 308?
22
Let u be 0 + -1 - (0 + -3). Suppose 18 = u*f - f. Suppose -2*s - s - 2*o + f = 0, -4*s = -3*o - 24. Calculate the highest common divisor of s and 54.
6
Suppose -42 = -6*z - z. Suppose 3 = 3*d, -207 = -4*c - z*d + 3*d. What is the greatest common divisor of c and 34?
17
Let l(a) = a + 13. Let p be l(-9). Suppose 3*w = 3*t - 0*t + 30, 16 = -4*t - p*w. Let h = t - -12. Calculate the highest common divisor of h and 55.
5
Suppose -4*m - 2*a + 2232 = 0, 5*m - 1931 = 2*a + 859. Calculate the highest common factor of m and 31.
31
Let s = 13 + -11. Suppose 0 = s*t - 3*j - 43, -2*t + 37 + 8 = -j. Calculate the greatest common factor of t and 253.
23
Let a(p) be the first derivative of -2*p**2 - 27*p + 12. Let c be a(-14). Let t be (-4)/(-12) + c/3. What is the greatest common factor of t and 30?
10
Let b(a) = -7*a**3 - a**2 + 1. Let z be b(-1). What is the greatest common factor of z and 91?
7
Let x be (-6 + 0/2)/(-2). Let p = -62 + 89. Calculate the highest common factor of x and p.
3
Suppose 17*z - 21*z - 24 = 0. Let r(m) = m**2 + 6*m + 13. Let d be r(z). Calculate the highest common divisor of 65 and d.
13
Suppose 0 = -o + 4. Suppose 0*q - 44 = -o*q. Let a = -31 + 42. What is the highest common divisor of q and a?
11
Let h(b) = -152*b - 253. Let m be h(-5). Calculate the highest common factor of m and 26.
13
Let f(c) = -1 + 59*c**2 - 3 + 3*c - 48*c**2. Let b be f(-4). Calculate the highest common divisor of b and 40.
40
Suppose 4*j - 16 = -0*j. Suppose f - j*k = -0*k + 25, 20 = -f - 5*k. Suppose -3*s + 5 = -2*s. Calculate the greatest common divisor of f and s.
5
Suppose 5*q + c - 16 = 3*q, -4*q + 5*c + 4 = 0. Let l = 16 + 12. Suppose -5*h = 3*g - 14 - 15, 4*h - l = -4*g. What is the highest common divisor of q and g?
3
Let x(a) = -a + 4. Let b = -11 + 18. Let r = b - 11. Let k be x(r). Calculate the highest common divisor of 32 and k.
8
Let k = 1146 - 1140. What is the greatest common factor of 14 and k?
2
Let g(i) be the first derivative of i**4/4 + 7*i**3/3 + 7*i**2/2 + 13. Let n be -5*1/(-1 - -2). Let b be g(n). What is the highest common divisor of b and 6?
3
Suppose 4*j + 4390 = 84*g - 81*g, 4*g = 3*j + 5851. Calculate the highest common divisor of 86 and g.
86
Suppose 4*t - 1 = 11. Suppose t*j + 476 = -j. Let w be (-6)/27 - j/9. Calculate the highest common divisor of 26 and w.
13
Let s be (1/(-3))/((0 - -2)/(-444)). Suppose -5*z + 83 = -2*k + k, 3*k - s = -4*z. What is the highest common factor of z and 187?
17
Let a(j) = 6*j**2 + 11*j - 56. Let r be a(7). What is the greatest common divisor of 30 and r?
15
Let a = -18 - -51. Calculate the greatest common factor of 9 and a.
3
Let g(x) = -9*x + 14. Let p(d) = d - 1. Let q(f) = g(f) + 6*p(f). Let k be q(5). Let n = k + 11. Calculate the highest common factor of n and 2.
2
Let s = 2 + 1. Let l(v) = 1 - v**3 + v + 2*v**s - 3*v**2 + v. Let j be l(2). What is the greatest common divisor of 1 and j?
1
Suppose x + 4*x - 70 = 0. Let h = x - 23. Let b = h - -25. Calculate the highest common factor of b and 176.
16
Suppose 2*n = 6 + 2. Suppose 0 = 9*f - n*f - 15. Calculate the highest common divisor of f and 6.
3
Let b be (2/(-3))/((-2)/3). Let d = 1348 + -1343. Calculate the highest common factor of b and d.
1
Su